(5). Let d(m) = 1 - 7 + 26*m**2 - 27*m**y - 3*m. What is d(-5)?
-16
Let b(q) = q**3 + 2*q**2 - 2*q + 2. Let c(i) = i**3 + 8*i**2 + 9*i + 2. Let g be c(-7). Let u = 9 + g. Give b(u).
-1
Let a = -7 + 13. Let j(m) = 4 + 7*m**3 + m**2 - 3*m - a*m**3 - 4*m**2. Determine j(4).
8
Let y(p) be the third derivative of -p**4/8 + p**3/3 + 6*p**2. Determine y(5).
-13
Let t = -12 + 14. Suppose -c + 5 = -i, -t*i - 3*c = -i - 15. Let k(f) be the second derivative of f**3/6 + 3*f**2 + f. Give k(i).
6
Let h(j) = -j**2 - 11*j + 14. Let l be h(-12). Let o(b) = 2*b**2 - 4*b**l + 3*b**2 - 81*b + 75*b + 4. Let f be 94/18 - (-4)/(-18). Determine o(f).
-1
Let v be (-4 - -1) + (-3)/(-3). Let l(s) be the second derivative of s**3/3 + 7*s. What is l(v)?
-4
Let a = -4 - -6. Let f(j) = -15*j**2 - j. Let x(t) = 2*t**2. Let q(y) = a*f(y) + 14*x(y). What is q(-2)?
-4
Let c(n) be the second derivative of -3*n**5/20 + n**4/6 - n**3/6 + 2*n. Determine c(1).
-2
Let t(r) = r - 1. Let q be (3/(-2))/(9/18) - 0. Calculate t(q).
-4
Let m(n) = -3*n**2 + n - 7. Let z(x) = -x**2 - 3. Let o(p) = -2*m(p) + 5*z(p). Determine o(-2).
7
Let b(k) be the second derivative of k**4/12 - k**3/3 + k**2/2 - k. Determine b(-2).
9
Let p = -55 - -47. Let r(x) = x + 4. What is r(p)?
-4
Let x(d) = d**3 + d**2 + d - 1. Let t(r) = -r**2 - 15*r + 16. Let a be t(-16). Give x(a).
-1
Suppose -24 = 2*n - 6*n. Suppose -h = -3*q + n, 3*h + h + 11 = -q. Let p(m) = 4*m + 2. Let b(j) = -j. Let w(i) = -3*b(i) - p(i). Give w(h).
1
Let w = -340 + 338. Let b(i) = 6*i - 4*i + 0*i**3 - i**3. Determine b(w).
4
Let s(n) = -12*n - 3. Let c(z) = -24*z - 7. Let w(o) = 2*c(o) - 5*s(o). Give w(-1).
-11
Suppose 4*g + 30 = 2*p, -4*p + 10 = 5*g + 2. Suppose -j + 3*j - p = -k, -k = 3*j - 10. Let o(t) = j*t**2 - 3*t - 3 - 6*t - 4*t**2 - 3. What is o(-4)?
14
Let s(t) = t**3 - 3*t**2 + t + 1. Let q be s(3). Let n(b) = -b**3 + 4*b**2 + 2*b - 6. Calculate n(q).
2
Suppose 2*g - 6 = -0*g. Let y(k) = 13*k**3 - 8*k**2 + 6*k - 2. Let o(v) = 7*v**3 - 4*v**2 + 3*v - 1. Let d(m) = -11*o(m) + 6*y(m). What is d(g)?
-1
Suppose 5*o + 19 + 13 = 4*a, 2*a - 5*o - 26 = 0. Let i(t) = 1 - t**2 + a*t - 4*t + 3*t**2. Give i(1).
2
Let w(c) = -2*c**3 + 4*c**3 - 3*c**3 - c**2. Let r be (0 + (-4 - -3))/1. Give w(r).
0
Let k(x) = 2*x**3 - 5*x**2 - 17*x + 8. Let h(b) = -b**3 + 3*b**2 + 9*b - 4. Let a(f) = -11*h(f) - 6*k(f). Give a(-4).
0
Let g be (1/(-3))/((-2)/24). Suppose -g*o + 7 = 3*r, r - 3*o = 4*r - 3. Let x = -2 + r. Let s(p) = p**2 + 3*p - 5. Calculate s(x).
5
Let d(x) = -x**2 + 5*x + 3. Suppose 0 = 3*p - 0*t + t - 16, -5*p + 25 = 2*t. Determine d(p).
-11
Let v = -26 - -27. Let k(i) = 5*i**3 + i + i**2 + 0*i - 2*i**2 - 1. Calculate k(v).
4
Let w(n) be the second derivative of n**3/6 - n**2 + 4*n. What is w(-5)?
-7
Let m(d) = 6*d**3 + d**2 + 2*d + 1. Let k = -2 + 4. Let n be (k + 3/(-3))*0. Suppose -3*g = 2*x - n*x + 7, 2*x = g - 3. Give m(g).
-6
Let a(x) = -5*x**2 + 3 - 5*x + 4 - x - x**3 - 5. Let w(l) = 2*l**3 + 6*l**2 + 7*l - 3. Let k(d) = -3*a(d) - 2*w(d). Give k(4).
0
Let n(r) be the first derivative of -r**4/4 - 5*r**3/3 + 4*r**2 + 4*r + 5. Calculate n(-6).
-8
Suppose -3*b + 2*b = -7. Suppose -c + b*a = 3*a - 18, 5*c - 2*a - 18 = 0. Let s(m) = 2*m**3 - 2*m**2 - 2*m + 1. What is s(c)?
5
Suppose d - c = -0*c - 7, d = -2*c - 16. Let o be (-28)/(-20) - 6/d. Let f(b) be the third derivative of b**5/60 - b**4/12 + b**3/6 - b**2. Give f(o).
1
Let r(q) = -q**2 - 2*q - 4. Let x = -1 + 3. Suppose -5*o + 1 = x*g + 9, -20 = o + 5*g. Suppose 3*d + 9 + 0 = o. Calculate r(d).
-7
Suppose 0 = 5*f - 3*a - 105, 2*f = -4*a + 16 - 0. Suppose -6*p = -3*p - f. Suppose 5*i - 5*u + 1 = -u, 2*i + 4*u + p = 0. Let v(r) = -6*r + 1. Determine v(i).
7
Let c(t) = -t - 2. Let m(u) = -2*u - 2. Let j(q) = -3*c(q) + 2*m(q). Determine j(3).
-1
Let k(g) be the first derivative of 2*g**3/3 + 3*g**2/2 - 2*g + 2. What is k(2)?
12
Let y(p) be the first derivative of 4*p**2 - 17. Calculate y(-2).
-16
Suppose 0*w + 5*w + d = 24, 5*w - d = 16. Suppose 4*h + 2*l - 12 = 0, w*l = -5*h - 0*l + 15. Let q(z) = -3 + z**2 - z**3 - z**h + z**3 - z + 1. What is q(2)?
-8
Suppose 4*j + a + 1 = 0, -a - 3*a = -3*j + 4. Let b(m) = m + 2. What is b(j)?
2
Let g(t) = 7*t - 2. Let y(k) be the first derivative of -k**3/3 - 4*k**2 + 2*k - 2. Let w(u) = -4*g(u) - 3*y(u). What is w(2)?
6
Let i(x) = -6*x**3 - x**2 - x. Let l be i(-1). Let b(z) be the third derivative of 7/6*z**3 + 0 - 7/24*z**4 + 0*z + 1/120*z**l - 1/15*z**5 + z**2. Give b(5).
-3
Suppose -5*i + 10*i + 5 = -2*m, -i - 1 = 2*m. Suppose m = -k + 5 - 4. Let l(x) = -k + 5*x + 10 - 3 + x**2. What is l(-5)?
6
Let i(g) = -g**3 + 2*g**2 - 1. Suppose 2*n = -n + 15. Suppose -4*o = -7 - 5. Suppose -o + n = s. What is i(s)?
-1
Suppose -6*n + 5*n = -2. Let q(c) = -1 + 0*c - 6*c - 2 + c**n. Let d be 3*1/3*5. Give q(d).
-8
Suppose 11 = -l + 3*m, 2 = -5*l - 3*m + 1. Let h(g) = -2*g**2 + g - 2. Determine h(l).
-12
Let h(s) = -15*s**2 + 6*s + 1. Let p(g) = -7*g**2 + 3*g + 1. Let o(x) = -6*h(x) + 13*p(x). Let z = -8 + 13. Determine o(z).
-3
Let y be 6 - 3 - (-2)/(-1). Let l(t) = 1 - 5 + 3 + 9*t**3. Give l(y).
8
Suppose -5*s + 5 + 5 = 0. Let x(w) = 3 + 2 + w**2 - 2*w**s. Suppose g + 0*a = -a - 5, -10 = -2*g + 2*a. Calculate x(g).
5
Suppose 3*v - 11 = b, 0*b + 4*b - 24 = -5*v. Let f(x) = -35*x + 4 + x**2 + 36*x - 4 - 1. What is f(b)?
1
Let x(g) be the second derivative of -g**3 - g**2 + 5*g. What is x(-2)?
10
Let k(a) be the second derivative of a**5/120 - a**4/24 + a**3/6 + 4*a. Let h(n) be the second derivative of k(n). Determine h(6).
5
Let l be 2 + -3 + 2*-3. Let w = 13 + l. Let t(m) = -2*m**3 - 6*m**2 - 3*m. Let s(p) = p**3 + 6*p**2 + 2*p - 1. Let j(f) = -3*s(f) - 2*t(f). What is j(w)?
3
Suppose 3*z - 2 - 13 = 0. Let a(c) = -3*c - 1. Let k(j) = -4*j. Suppose q - 2*q = 2. Let l(p) = q*k(p) + 3*a(p). Calculate l(z).
-8
Let n(m) = 5*m + 1. Let p(i) = -i**2 - 11*i - 2. Let r(w) = 5*n(w) + 2*p(w). What is r(3)?
-8
Let p(d) = -11*d + 11. Let u(t) = 5*t - 5. Let x(c) = 4*p(c) + 9*u(c). Let h be (-1)/5 + 19/(-5). Calculate x(h).
-5
Suppose 5*z - y + 3 = 0, 5*z + 11 = 2*z - 4*y. Let l be z + -2 + 3 - -3. Suppose 3*g + 6 = -3*n, -l*n + 6 = -2*g - 4*n. Let i(o) = o + 4. Give i(g).
0
Suppose 2*w - 4*x + 12 = 0, -4*w = -x + 3*x - 6. Let j(i) be the first derivative of 1/2*i**2 + 1 + 3/2*i**4 + w*i + 0*i**3. What is j(-1)?
-7
Let q(j) be the first derivative of -1 + 1/3*j**3 - 2*j**2 - 6*j. What is q(5)?
-1
Let s = 36 - 11. Suppose f + 2*a = -2*a + s, 2*a = 2*f. Let g(u) be the first derivative of -u**4/4 + 5*u**3/3 - u**2/2 - 3*u + 30. Give g(f).
-8
Let g(x) be the first derivative of x**3/3 - x**2/2 + 5. What is g(1)?
0
Let g(h) be the second derivative of h**5/60 - h**4/12 - h**3/6 + 3*h. Let c(a) be the second derivative of g(a). Calculate c(-3).
-8
Let q(h) = h**2 - 6*h - 7. Let b be 0 + (3 - -2) + 0. Determine q(b).
-12
Let d(l) = -l**3 + 4*l**2 + 5*l - 7. Let w(z) = 4 + 7*z - 4 - 2. Let u be w(1). Calculate d(u).
-7
Let w(t) = 3*t**2 - t + 2. Let l(i) = i + 4. Let a be l(-2). What is w(a)?
12
Suppose -3*i + 18 = -0*i. Let k be 2/3*225/i. Suppose 3*x + k = -5*d + x, 3*d - x + 4 = 0. Let b(g) = 2*g. Give b(d).
-6
Let k(f) = 7*f**2 - 11. Let t = 4 + -1. Let p(n) = 4*n**2 - 6. Let j(l) = t*k(l) - 5*p(l). Give j(0).
-3
Let v(i) = 2*i**3 - i - 1. Let j(a) = -a**2 - 1. Let y = -4 + 4. Suppose y = 3*z - z. Let o be j(z). Give v(o).
-2
Let v(q) = 18*q**2 + 2*q + 1. Let m(i) = i**2. Let a(c) = -4*m(c) + v(c). What is a(-1)?
13
Let j(g) = 8 + 2 + 2*g + 8 - 23. Calculate j(5).
5
Let v(g) = 3*g - 2. Suppose 3*c - 13 - 5 = 0. Let k(d) = d**3 + 1. Let f(a) = 2*a**3 - 5*a**2 - 8*a + 10. Let j(q) = f(q) - k(q). Let o be j(c). Determine v(o).
-11
Let q = 10 + -3. Let k(r) = -4*r**2 + 0*r + r - r**2 - q + 4*r**2. Calculate k(0).
-7
Let t(f) = -5*f**2 - f**3 + 4*f + f**2 - 2 + 3*f**3. Suppose 4*i = -6 + 26. Suppose i*s - 8 - 2 = 0. What is t(s)?
6
Let b(x) = -x**2 - x + 1. Suppose 0 = -0*o - 4*o. Let f be b(o). Let z be -5 + (f - (-3 - -4)). Let h(j) = j**3 + 6*j**2 + 3*j. Determine h(z).
10
Let n be 6 - (0 + 0 + 0). Let i(r) = -4*r**2 + n*r**2 + 3*r**3 + 4*r - 3*r. Let l(k) = -k**3 - k**2 - 1. Let y(o) = -i(o) - 4*l(o). Give y(-3).
-2
Let g(z) = 2*z**2 + z + 1. Let x be g(4). Suppose -5*t 